 y be 1/(-6)*-15*-2. Let u(m) = m**2 + 9*m - 3. Determine u(y).
-23
Suppose 3*w + 420 = -3*z, 20*z - 18*z = 2*w + 284. Let l = 135 + w. Let u(j) = j**2 + 5*j + 7. Determine u(l).
13
Let b(z) = 88*z**2 + 581*z + 26. Let d(i) = -17*i**2 - 112*i - 5. Let h(k) = -6*b(k) - 31*d(k). Suppose 3*l + 41 = -p, 3*l - 7 = 4*l - p. Determine h(l).
23
Let a(q) be the second derivative of -q**5/20 - q**4/6 + 9*q**2 + 2*q - 134. Determine a(0).
18
Let u(x) be the second derivative of -x**5/60 + x**4/24 - 11*x**3/6 - 50*x. Let r(w) be the second derivative of u(w). Calculate r(-2).
5
Let v = -151 + 155. Let q(t) = t**3 - 5*t**2 - 5. Give q(v).
-21
Let v(c) = -57 - 10*c - c**2 - 2*c - 2*c - 15*c. Let n = 38 + -65. Let f be v(n). Let p(g) = -3*g + 1. Determine p(f).
10
Let a(r) = r**3 - 5*r**2 - 17*r + 10. Let j = -18879 + 18886. Calculate a(j).
-11
Let o(c) = c**3 + 7*c**2 + 6*c + 3. Suppose 0 = 13*g - 3*g + 60. Let k be o(g). Suppose -k*l + 0*l + 0*l = 0. Let z(x) = x + 5. Give z(l).
5
Let g(c) = c**3 + 38*c**2 - c - 30. Suppose -543*x + 21*x - 199*x = 27398. Determine g(x).
8
Let f(x) be the second derivative of x**3/2 + 7*x**2/2 - x. Let q = 490 + -472. Suppose 25*o - q*o = -42. Give f(o).
-11
Suppose -3*t - i + 906 = 0, 0*t - 5*t - 4*i + 1510 = 0. Let l = -297 + t. Let w(r) = -r**3 + 4*r**2 + 5*r - 2. Give w(l).
-2
Let c(d) = -d**3 + 7*d - 1. Let h be c(-4). Let i be 52/(-14) - 10/h. Let o = 0 + i. Let f(w) = -w**2 - 2*w + 1. Determine f(o).
-7
Let i(s) be the first derivative of -17 - s**3 - s**3 + 116 + 3*s + s**3. What is i(-4)?
-45
Let b(g) = -34*g - 3. Let v(z) = -16*z + 144. Let s be v(9). Let o be b(s). Let j(d) = -18*d + 3. Determine j(o).
57
Suppose -b - 3 - 1 = 0, 4*m - 4*b = -288. Let v = 78 + m. Let n(k) = -4*k**v + 10 + 4*k + 3*k**2 - 5. What is n(4)?
5
Let a(u) = 9*u - 3*u**2 - 7*u + 3 + 9*u - u - u**3. Let o be a(-5). Let t(d) = d**3 - 4*d**2 + 4*d - 3. Calculate t(o).
0
Let r(x) be the first derivative of x**4/4 - 5*x**3/3 - 7*x**2/2 + 7*x - 140. Let z be r(6). Let i(d) = -11*d + 1. Determine i(z).
-10
Let v(i) = i**3 - 12*i**2 - 13*i + 25. Let l be v(13). Let g(z) = 5 + 3*z - 40 + l - 5*z + 9. Calculate g(-7).
13
Let n(y) be the third derivative of y**5/60 - 7*y**4/24 + 2*y**3 + 108*y**2. Let b(d) = d**2 - 7*d + 13. Let v(l) = 5*b(l) - 6*n(l). What is v(5)?
3
Let z(t) = t + 5. Let b(l) = -l**3 + 8*l**2 - l + 8. Suppose 2*u + 24 = 5*u. Let i be b(u). Suppose -3*n - n + 0*n = i. Determine z(n).
5
Suppose 110*w + 4*h + 32 = 114*w, -5*h = -2*w + 28. Let x(i) be the third derivative of 0*i**3 - 10*i**2 - 1/60*i**5 + 0 - 1/12*i**w + 0*i. Calculate x(-2).
0
Let f(n) = 5*n - 9 - 57*n**2 + 58*n**2 - n + n + 1. Let b = 36 + -26. Let p(m) = -m + 3. Let z be p(b). Give f(z).
6
Let x(d) = -d + 3. Let s(q) = -5*q + 14. Let c(m) = -2*s(m) + 11*x(m). Let u(f) = 10 + 2 + 0*f + 5 - 3*f. Let l be u(4). Calculate c(l).
0
Let y(a) = -2*a + 2. Suppose 15*k = 7*k + 16. Suppose 5*m + k*c = -41, 0 = -3*c - 0*c - 9. Determine y(m).
16
Suppose p + p - 14 = 0. Let c(f) = 36065*f**2 - 2*f - 18062*f**2 - 17996*f**2 + 13 - f**3. Calculate c(p).
-1
Let y(p) be the first derivative of -10/3*p**3 - 5*p - 1/4*p**4 + 203 + 9/2*p**2. What is y(-11)?
17
Let c(d) = -11*d - 4*d + 139 + 54*d + d**2. Determine c(-35).
-1
Let z be -14*(-2 - (-9)/6). Let g = 2 - z. Let f(y) = -5579*y + 0*y**2 - 7 - y**3 - 4*y**2 + 5583*y. Give f(g).
-2
Let r(x) = -4*x + 34 - 38 + 2*x + 3 + 2*x**2. Let u = -5 + 3. Determine r(u).
11
Let n(c) = 5*c**3 + 12*c**2 - 2*c + 21. Let h(b) be the first derivative of 3*b**4/4 + 2*b**3 - b**2/2 + 11*b + 1. Let u(l) = 7*h(l) - 4*n(l). Give u(6).
-1
Let w(m) = 7*m**2 + 5*m + 2. Let q(b) = b**2 - b. Let r(h) = 6*q(h) + w(h). Determine r(-2).
56
Let u(h) = 33*h + 8 - 73*h + 32*h + 34*h + 6*h. Give u(-2).
-56
Let a(i) be the second derivative of -i**3/6 + 7*i**2/2 - 2046*i + 1. Suppose -15 = 4*h + 5. Determine a(h).
12
Let i(u) = -u**3 - 27*u**2 + 66*u - 28. Let g(b) = 5*b**2 - b + 7. Let t(z) = -5*g(z) - i(z). Calculate t(7).
7
Let n(m) = -m - 6. Let y be 6 + (-5 - 2) + -4. What is n(y)?
-1
Let w(x) = 3*x**2 + 16*x - 9. Let t be w(-6). Let a be 1*-1*(-4 + 2). Let p(u) = -9*u + 4*u + a + 4*u. Determine p(t).
-1
Let v(i) be the second derivative of -i**4/12 + 2*i**3/3 - 3*i**2/2 - 5*i + 10. Suppose 0 = 5*l - 10, 0 = -5*d - 4*l - 4 + 22. What is v(d)?
1
Let d(z) = z**3 - 25*z**2 + 44*z + 51. Let l be ((-3)/(-9))/(24/(-108)*(-3)/46). Give d(l).
5
Suppose 5*h + 32 = 4*v, -32*h + 10 = -v - 33*h. Let q(x) = 3*x**3 - 9*x**2 - 14*x - 3. Determine q(v).
-35
Let m(n) = n**2 - 8*n + 1. Suppose -324*o + 329*o = 15. Suppose -f - o*k = -12, 47 = 4*f + 4*k + 7. Determine m(f).
10
Let k(t) = t**3 - 5*t**2 + t - 3. Let b = -189 + 131. Let x = b + 61. Suppose 20 = 7*z - x*z. Determine k(z).
2
Suppose -2*q + 41 = 3*j, -111*j + 68 = 5*q - 115*j. Let v(k) = -k**3 + 12*k**2 + 65*k - 10. Calculate v(q).
6
Let m(n) = 2*n**3 + 2*n**2 - 8*n + 24. Let b(x) = 3*x**3 + 5*x**2 - 8*x + 34. Let r(w) = -3*b(w) + 4*m(w). Give r(-5).
-16
Let l(p) = 5*p**2 + 5*p + 2. Let k be 5 + 2 - (1 + 0)*3. Let u(m) = -4*m**2 - 5*m - 2. Suppose 3*s - 2 = 7. Let c(h) = k*u(h) + s*l(h). What is c(-6)?
-8
Let b(i) be the second derivative of -3*i**5/10 - i**3/6 - i**2 - 511*i + 2. What is b(-2)?
48
Let h(r) be the third derivative of -r**6/120 + 3*r**5/10 + 25*r**3/6 + 37*r**2 - 6*r. Give h(18).
25
Let o(s) = s**3 - 8*s**2 + s + 14. Suppose 159*v + 234 = 198*v. What is o(v)?
-52
Let i(l) = -21*l - 1. Let g be (-4)/(-6) - (11/(-33) - -3). Calculate i(g).
41
Let y(d) be the first derivative of -4*d**2 + 12*d + 2763. What is y(-2)?
28
Let c(y) = y**2 + 10*y + 9. Let a be c(-9). Let r(u) be the first derivative of -u**3/3 - 2*u + 1354. Determine r(a).
-2
Let b(a) = 2*a**3 - 48*a**2 - a + 16. Suppose -14*z + 432 = -0*z + 4*z. Give b(z).
-8
Suppose 0 = -37*x + 28*x + 1107. Suppose -6*j - x = -153. Let v(c) = c**2 - 5*c - 2. What is v(j)?
-2
Let q be (-12)/(-7)*(-420)/(-45). Let b(l) = -l**3 + 14*l**2 + 30*l + 35. Determine b(q).
3
Let r be (-4)/(-86) + (-9398)/(-3182). Let f(p) = -2*p**3 + 4*p**2 - 8*p + 16. Calculate f(r).
-26
Let t be (-3220)/(-184)*6/(-21). Let p(b) = b**2 - 5*b + 3. Give p(t).
53
Let u(z) = -8*z + 42. Let n be u(14). Let r be (-4 + 10)*(-4 + n/(-15)). Let q(i) = 4*i - 6. What is q(r)?
10
Let v(t) = -t**2 + 19*t - 98. Let c be v(9). Let j(q) = -q**3 - 7*q**2 - 2*q - 80. Give j(c).
0
Let r = 12371 + -12372. Let z(i) = 2*i**3 + 3*i**2 + 2*i**3 - 1 - 2*i**2. Determine z(r).
-4
Let x(u) = u**3 + 5*u**2 + 4*u. Suppose 8*o + 658 = o. Let b = o - -57. Let h = -41 - b. Calculate x(h).
0
Let r(d) = -64*d + 28*d - 35 + d - 48 + 6*d. Determine r(-3).
4
Let c = 12648 + -75887/6. Let f(m) be the third derivative of 43*m**2 - 1/24*m**4 + 0*m + 0 - c*m**3. What is f(4)?
-5
Let y(w) = -12 - w + 8 + 14 + 23 + 0. Calculate y(6).
27
Let q(w) be the second derivative of -w**3 - 3*w**2 + 6129*w. Let d(c) = -c**3 + 3*c**2 + 2. Let a be d(2). Calculate q(a).
-42
Let t(r) = 2*r**2 + 21*r + 3. Let a be t(-14). Let q be 1/((2/4)/(a/2)). Let o = q - 101. Let s(w) = w - 4. Calculate s(o).
-4
Let m(t) = 10*t**2 + 161*t + 24. Let f be m(-16). Let j(s) = s**3 - 6*s**2 - 15*s - 4. Determine j(f).
4
Suppose 0 = -2*g + 26 - 8. Let u(y) = y + 3 + 0*y - 5*y + 3*y. Give u(g).
-6
Let z(s) be the first derivative of -s**4/4 - 7*s**3/3 + 7*s**2 + 26*s + 5544. Calculate z(-8).
-22
Let f(o) = -2*o**2 + 3*o - 1. Let l be f(1). Let w(y) = y**3 + 3*y**2 + y + 11. What is w(l)?
11
Let q(w) = 4*w**2 + 12*w - 5. Suppose -75 = -175*t + 200*t. What is q(t)?
-5
Let i(g) = -5*g + 119. Let l(h) = 3*h - 74. Let f(u) = 5*i(u) + 8*l(u). Let o(t) = t**2 + t + 2. Let p be o(-2). Determine f(p).
-1
Suppose -2*k + 5*a = -21, a - 5*a = -3*k + 28. Let s(h) = h**3 - 7*h**2 - 7*h - 13. Let g be s(k). Let u(l) = l + 3. What is u(g)?
-2
Let g(v) = -v**2 + 28*v - 109. Suppose -2*c = 5*a - 109, 5*c - 11*c - 87 = -3*a. Give g(a).
6
Let q(r) = -r**2 - 42*r - 385. Let z be q(-14). Let x(b) = b - 9. Let i(l) = -3*l + 26. Let p(u) = 2*i(u) + 7*x(u). Calculate p(z).
-4
Let s(x) be the third derivative of 0*x**4 + 5 - 3/10*x**5 + 0*x - 1/6*x**3 - 11*x**2. Let l = 3 + -2. Determine s(l).
-19
Let s(t) = 3*t**2 + 7*t + 6. Let z(g) be the second derivative of -2*g**3/3 - 84*g**